f 112927041?
2
What is the hundreds digit of 126065372?
3
What is the tens digit of 260432574?
7
What is the hundred thousands digit of 28650457?
6
What is the hundred thousands digit of 1913313990?
3
What is the hundred thousands digit of 103529265?
5
What is the hundred thousands digit of 1487640923?
6
What is the units digit of 595290982?
2
What is the units digit of 172736077?
7
What is the ten millions digit of 455039586?
5
What is the millions digit of 64089595?
4
What is the hundred millions digit of 340299097?
3
What is the ten thousands digit of 624509825?
0
What is the hundreds digit of 700176606?
6
What is the hundred millions digit of 316560145?
3
What is the ten millions digit of 279185673?
7
What is the hundreds digit of 591878536?
5
What is the ten thousands digit of 1966700362?
0
What is the hundreds digit of 18578473?
4
What is the tens digit of 269252125?
2
What is the millions digit of 2944948427?
4
What is the billions digit of 1185731352?
1
What is the hundred thousands digit of 6814904034?
9
What is the hundred millions digit of 1026333830?
0
What is the hundred thousands digit of 468143559?
1
What is the millions digit of 171437822?
1
What is the ten millions digit of 4230076180?
3
What is the millions digit of 35278879?
5
What is the millions digit of 1446465613?
6
What is the millions digit of 205371097?
5
What is the units digit of 303831318?
8
What is the hundreds digit of 1943712505?
5
What is the tens digit of 440465628?
2
What is the ten thousands digit of 507743397?
4
What is the tens digit of 4041163918?
1
What is the hundreds digit of 525020370?
3
What is the hundred thousands digit of 111751976?
7
What is the hundreds digit of 27763771?
7
What is the units digit of 840047315?
5
What is the thousands digit of 3053041?
3
What is the ten millions digit of 248199617?
4
What is the hundred thousands digit of 1763065021?
0
What is the millions digit of 155582231?
5
What is the units digit of 15745851?
1
What is the hundred thousands digit of 45257797?
2
What is the units digit of 361448714?
4
What is the thousands digit of 25408045?
8
What is the millions digit of 49666265?
9
What is the units digit of 15691948?
8
What is the units digit of 264115693?
3
What is the hundred millions digit of 659176409?
6
What is the billions digit of 1824185246?
1
What is the hundred thousands digit of 84466857?
4
What is the hundred thousands digit of 453790381?
7
What is the ten thousands digit of 137063168?
6
What is the hundred thousands digit of 337280595?
2
What is the ten thousands digit of 35086750?
8
What is the hundred thousands digit of 428082436?
0
What is the millions digit of 83366321?
3
What is the ten thousands digit of 125755248?
5
What is the units digit of 730216104?
4
What is the units digit of 512883150?
0
What is the tens digit of 912508638?
3
What is the units digit of 134238380?
0
What is the hundred thousands digit of 301999668?
9
What is the millions digit of 30320873?
0
What is the billions digit of 3064266174?
3
What is the hundred thousands digit of 1845038407?
0
What is the units digit of 28388570?
0
What is the hundreds digit of 312550707?
7
What is the ten thousands digit of 19636201?
3
What is the hundreds digit of 35792991?
9
What is the ten millions digit of 126750727?
2
What is the hundred thousands digit of 45882713?
8
What is the units digit of 285882066?
6
What is the ten thousands digit of 36807010?
0
What is the hundred millions digit of 680182217?
6
What is the thousands digit of 124845575?
5
What is the billions digit of 2173748217?
2
What is the ten millions digit of 1259478726?
5
What is the thousands digit of 155339508?
9
What is the billions digit of 1102639149?
1
What is the millions digit of 47080885?
7
What is the tens digit of 138867400?
0
What is the ten millions digit of 492942254?
9
What is the millions digit of 521417710?
1
What is the units digit of 23470031?
1
What is the hundreds digit of 351781349?
3
What is the ten millions digit of 146392715?
4
What is the units digit of 429927949?
9
What is the hundred millions digit of 6182992733?
1
What is the units digit of 1534140199?
9
What is the hundreds digit of 24498513?
5
What is the hundred thousands digit of 494116258?
1
What is the tens digit of 37388516?
1
What is the millions digit of 718419185?
8
What is the hundred thousands digit of 33599212?
5
What is the hundreds digit of 22326163?
1
What is the units digit of 45780791?
1
What is the hundred thousands digit of 192676546?
6
What is the ten thousands digit of 41972139?
7
What is the millions digit of 68420261?
8
What is the ten thousands digit of 460173340?
7
What is the millions digit of 73894811?
3
What is the tens digit of 489691301?
0
What is the hundred thousands digit of 619537947?
5
What is the hundreds digit of 39890425?
4
What is the hundred millions digit of 185018060?
1
What is the ten millions digit of 1506253987?
0
What is the hundred millions digit of 435789342?
4
What is the hundreds digit of 1414552459?
4
What is the hundreds digit of 42191088?
0
What is the thousands digit of 21840505?
0
What is the units digit of 170019666?
6
What is the hundreds digit of 47536972?
9
What is the units digit of 1176913000?
0
What is the hundred millions digit of 666658759?
6
What is the hundred thousands digit of 1581859731?
8
What is the ten millions digit of 766174793?
6
What is the millions digit of 616098372?
6
What is the thousands digit of 75295462?
5
What is the hundreds digit of 9720314?
3
What is the units digit of 41325661?
1
What is the ten thousands digit of 27422274?
2
What is the tens digit of 439688935?
3
What is the units digit of 72197305?
5
What is the millions digit of 69440068?
9
What is the tens digit of 182356587?
8
What is the billions digit of 2304957898?
2
What is the ten millions digit of 446641000?
4
What is the tens digit of 85241682?
8
What is the thousands digit of 36674364?
4
What is the hundred thousands digit of 798507254?
5
What is the millions digit of 29371617?
9
What is the thousands digit of 4663171962?
1
What is the hundred thousands digit of 137802640?
8
What is the hundreds digit of 87788089?
0
What is the hundred millions digit of 1007288488?
0
What is the millions digit of 17026334?
7
What is the hundred thousands digit of 10160140?
1
What is the millions digit of 147318292?
7
What is the tens digit of 104490324?
2
What is the tens digit of 344200873?
7
What is the hundreds digit of 139801901?
9
What is the hundred thousands digit of 1982936625?
9
What is the thousands digit of 402241598?
1
What is the tens digit of 325870390?
9
What is the billions digit of 1154987698?
1
What is the ten thousands digit of 165254908?
5
What is the hundred millions digit of 278834625?
2
What is the ten millions digit of 1136134413?
3
What is the ten thousands digit of 93238385?
3
What is the tens digit of 553090222?
2
What is the units digit of 72013769?
9
What is the tens digit of 119898604?
0
What is the millions digit of 15658569?
5
What is the millions digit of 2360322768?
0
What is the thousands digit of 4182527061?
7
What is the hundred thousands digit of 154950654?
9
What is the tens digit of 480906448?
4
What is the hundred thousands digit of 50402867?
4
What is the units digit of 3456389933?
3
What is the units digit of 526345185?
5
What is the ten millions digit of 197036045?
9
What is the hundreds digit of 6165047654?
6
What is the thousands digit of 252808826?
8
What is the millions digit of 905956670?
5
What is the ten millions digit of 29183582?
2
What is the tens digit of 372495146?
4
What is the tens digit of 71200722?
2
What is the tens digit of 467896?
9
What is the thousands digit of 104538282?
8
What is the hundreds digit of 105963692?
6
What is the hundred millions digit of 165768038?
1
What is the thousands digit of 267600211?
0
What is the ten millions digit of 70794325?
7
What is the hundred thousands digit of 7110722119?
7
What is the ten millions digit of 20264522?
2
What is the hundreds digit of 8836958824?
8
What is the hundred thousands digit of 262307440?
3
What is the ten thousands digit of 818979957?
7
What is the hundred millions digit of 233277489?
2
What is the hundred thousands digit of 26767527?
7
What is 